{"id":941,"date":"2017-05-29T21:46:50","date_gmt":"2017-05-29T19:46:50","guid":{"rendered":"https:\/\/www.bubakov.net\/?page_id=941"},"modified":"2025-09-22T10:23:04","modified_gmt":"2025-09-22T08:23:04","slug":"internet","status":"publish","type":"page","link":"https:\/\/www.bubakov.net\/?page_id=941","title":{"rendered":"S\u00ed\u0165"},"content":{"rendered":"<p>Spolek bubakov.net utlumil sv\u00e9 s\u00ed\u0165ov\u00e9 aktivity. Pro p\u0159ipojen\u00ed k&nbsp;internetu m\u016f\u017eete vyu\u017e\u00edt nab\u00eddky oper\u00e1tora &#8211; <a href=\"http:\/\/www.bubakov.eu\">www.bubakov.eu<\/a>.<\/p>\n","protected":false},"excerpt":{"rendered":"<p>Spolek bubakov.net utlumil sv\u00e9 s\u00ed\u0165ov\u00e9 aktivity. Pro p\u0159ipojen\u00ed k&nbsp;internetu m\u016f\u017eete vyu\u017e\u00edt nab\u00eddky oper\u00e1tora &#8211; www.bubakov.eu.<\/p>\n","protected":false},"author":5,"featured_media":945,"parent":0,"menu_order":0,"comment_status":"closed","ping_status":"closed","template":"template_parts\/page-sluzby.php","meta":{"inline_featured_image":false,"footnotes":""},"class_list":["post-941","page","type-page","status-publish","has-post-thumbnail","hentry"],"publishpress_future_workflow_manual_trigger":{"enabledWorkflows":[]},"_links":{"self":[{"href":"https:\/\/www.bubakov.net\/index.php?rest_route=\/wp\/v2\/pages\/941","targetHints":{"allow":["GET"]}}],"collection":[{"href":"https:\/\/www.bubakov.net\/index.php?rest_route=\/wp\/v2\/pages"}],"about":[{"href":"https:\/\/www.bubakov.net\/index.php?rest_route=\/wp\/v2\/types\/page"}],"author":[{"embeddable":true,"href":"https:\/\/www.bubakov.net\/index.php?rest_route=\/wp\/v2\/users\/5"}],"replies":[{"embeddable":true,"href":"https:\/\/www.bubakov.net\/index.php?rest_route=%2Fwp%2Fv2%2Fcomments&post=941"}],"version-history":[{"count":23,"href":"https:\/\/www.bubakov.net\/index.php?rest_route=\/wp\/v2\/pages\/941\/revisions"}],"predecessor-version":[{"id":5052,"href":"https:\/\/www.bubakov.net\/index.php?rest_route=\/wp\/v2\/pages\/941\/revisions\/5052"}],"wp:featuredmedia":[{"embeddable":true,"href":"https:\/\/www.bubakov.net\/index.php?rest_route=\/wp\/v2\/media\/945"}],"wp:attachment":[{"href":"https:\/\/www.bubakov.net\/index.php?rest_route=%2Fwp%2Fv2%2Fmedia&parent=941"}],"curies":[{"name":"wp","href":"https:\/\/api.w.org\/{rel}","templated":true}]}}